2
Suppose -25*h + 732 = -21*h. What are the prime factors of h?
3, 61
Suppose 5*g = -5 - 5, 3*g + 3 = 3*n. Let r be (4/(-4))/(n - 0). List the prime factors of (-35)/(-4) + r/4.
3
Suppose -3*l - 3*m = m - 130, 4*l - 194 = 5*m. What are the prime factors of l?
2, 23
Suppose -l = -0*l. Suppose l = -q + 3*q. Suppose q = 3*c - 12 - 18. What are the prime factors of c?
2, 5
Suppose -132 = -v - 27. Suppose v = -3*s + 8*s. List the prime factors of s.
3, 7
Let v be -4 + (-16 + -1 - 4). Let h = 18 - v. What are the prime factors of h?
43
Let a be (0 - -1)/((-3)/51). Let q = a - -32. What are the prime factors of q?
3, 5
Let h be 10/6 + (-2)/(-6). Suppose -5*g - 17 = 3*r - 125, -5*r + h*g = -149. List the prime factors of r.
31
Let p(h) = -h**2 - 6*h + 2. Let y be p(-6). Let n(u) = u. What are the prime factors of n(y)?
2
Let w(p) = p**3 + 7*p**2 + 8*p - 6. Let t be w(-6). Let f = 52 + t. Suppose 3*x + z = -2*x + f, 5*x - 26 = z. What are the prime factors of x?
2, 3
Suppose -6 + 3 = -w. What are the prime factors of w - (-3 - (0 + -1))?
5
Let z(o) = 14*o - 9*o + 7 - 4*o. Suppose 0 = -a - 2*a - 15. What are the prime factors of z(a)?
2
Suppose -237 - 183 = -2*r. What are the prime factors of r?
2, 3, 5, 7
Let p(l) = 76*l + 2. What are the prime factors of p(1)?
2, 3, 13
Suppose 0 = 2*r - 0 - 4, -r + 14 = 3*j. What are the prime factors of (-1)/(-4)*j + 23?
2, 3
Suppose -2*p + 5*p = 6. Suppose -4*r + 54 = p. What are the prime factors of r?
13
Let l(m) = 2*m**2 + m - 3. Let q(p) = p**2 - 4*p - 3. Let a be (4/(-12))/(1/(-12)). Let c be q(a). List the prime factors of l(c).
2, 3
Let z(i) = -11*i - 22. List the prime factors of z(-7).
5, 11
Suppose 6*l - 52 = 4*l. What are the prime factors of l?
2, 13
Let b = 99 + -61. What are the prime factors of b?
2, 19
Let o = -26 - -70. List the prime factors of o.
2, 11
Suppose 0 = 4*p - a - 675, 4*p + 200 = -2*a + 866. What are the prime factors of p?
2, 3, 7
Suppose 3*y - 3 = 3. Suppose -3*h - 33 = -y*i, 4*i - 87 + 9 = 2*h. List the prime factors of i.
3, 7
Suppose -u = -3*u + 14. Let y be -1 + u - (-1 - -4). Suppose -69 = -4*c + y*d, 0*d + d - 57 = -4*c. What are the prime factors of c?
3, 5
Suppose -4*g + 10*g - 270 = 0. List the prime factors of g.
3, 5
Let t(b) = -b**2 - b - 5. Let i be t(-5). Let n = 58 + i. What are the prime factors of n?
3, 11
Suppose 0 = -3*w + d + 53, 2*w - 6*w = 5*d - 77. What are the prime factors of w?
2, 3
Suppose 3*n + 0*n - 141 = 0. What are the prime factors of n?
47
Let p(y) = -y**3 + 6*y**2 + 10*y - 9. Let o be p(7). Let s be 7/((-14)/o) + -3. List the prime factors of (6 + s)/(1/(-3)).
3
Let c = -3 - 1. Let t be (-6)/27 + 166/18. Let k = c + t. List the prime factors of k.
5
Let a be (0 + -2)*202/(-4). Let l = a + -69. Let b = l - 18. List the prime factors of b.
2, 7
Let w = 4 + -3. Let g be 2*w - 0/6. Suppose -2 = 2*z - g*d, -z + 12 + 7 = 4*d. List the prime factors of z.
3
Let q(o) = -13*o + 3. List the prime factors of q(-2).
29
Let f = -11 + 40. List the prime factors of f.
29
Let x(i) = -7*i**2 + 2*i + 15. Let y(q) = 4*q**2 - q - 8. Let f(t) = -3*x(t) - 5*y(t). List the prime factors of f(-4).
3, 5
Let b(p) = 3*p + 8. What are the prime factors of b(5)?
23
Suppose 3 = -3*q - 5*y, 2*q + 3*y + 2*y = -2. Let o be (-1)/q*(2 - -5). Let l(f) = -f + 13. What are the prime factors of l(o)?
2, 3
Let x = -11 + 15. Suppose -f - x*f = -115. List the prime factors of f.
23
Let v = -40 + -40. List the prime factors of (v/28)/((-2)/7).
2, 5
Let a(m) be the first derivative of m**3/3 - m**2/2 + 5*m + 1. List the prime factors of a(0).
5
Let t be 8/6*6/4. Let p = t + 1. Suppose -p*r - 3*g + 10 - 4 = 0, 5*r + 3*g = 10. What are the prime factors of r?
2
Let r(d) = 2*d**2 - 4*d + 2. Let a be r(3). Suppose s - 2 = a. What are the prime factors of s?
2, 5
Let u be 3/(-4) + (-365)/20. Let v = 47 + u. What are the prime factors of v?
2, 7
Let p(z) = 6*z**3 - 3*z - 6. Let r(m) = m**3 - 1. Let s(k) = -p(k) + 5*r(k). Let l be 0 + (-3 - -1)*1. List the prime factors of s(l).
3
Suppose 5*b + j = 4*j + 19, 2*b - 2*j - 6 = 0. Suppose -f = -0*f - b. Suppose -f*x + 4*y = -51, 0 = 3*x - 2*y - 11 - 20. List the prime factors of x.
11
Let x = 3 + -2. What are the prime factors of (0 + -2)*-1 + x?
3
Suppose -2*v = -k - 9, 3*v + 2*k - k - 1 = 0. Let q(d) = 23*d + 6. List the prime factors of q(v).
2, 13
Suppose -4*c - 28 = -3*i, 4*i - 21 = c + 38. Let z = i + -4. Suppose 0 = 4*v - z, 5*j - v + 10 - 82 = 0. List the prime factors of j.
3, 5
Let g(h) be the first derivative of h**4/4 - 5*h**3/3 - h**2 + 6*h - 1. Let m be g(5). List the prime factors of 2/m - (-25)/2.
2, 3
Let p(k) = -k + 6. Let y be p(8). What are the prime factors of (1/y)/(2/(-8))?
2
Let k(y) = 3*y**2 + 5*y - 3. Let a = 26 - 23. List the prime factors of k(a).
3, 13
Suppose 4*b - 284 = -0*b. What are the prime factors of b?
71
List the prime factors of 26/(-6) - -5 - 565/(-3).
3, 7
Let d(v) = -v**2 - 9*v - 6. Let k be d(-8). Suppose -2*r = k*r. Suppose 5*w - 25 = -r*w. List the prime factors of w.
5
Suppose -2*u + 6 = -138. What are the prime factors of u?
2, 3
Let r(m) be the third derivative of -m**6/120 + m**5/20 - m**4/12 + m**3/3 - 6*m**2. What are the prime factors of r(2)?
2
Let c = 0 + 3. Suppose -c*o + 2 = -2*s - 0*o, -6 = s - 4*o. What are the prime factors of s?
2
Suppose 3*u - 27 = -2*y, -3*u + 43 = 2*u + 4*y. Suppose -9 = -5*o + u. Suppose -2 + o = c. What are the prime factors of c?
2
Let q(a) = a**2 + 7*a - 2. Let s be q(-8). Suppose 2*o - 37 + s = -3*v, -2*o - 47 = -3*v. List the prime factors of v.
13
List the prime factors of (-2)/12 + (-1156)/(-24).
2, 3
Suppose -89*w + 840 = -86*w. What are the prime factors of w?
2, 5, 7
Suppose u - 15 = -2*u. Suppose 0 = -5*h - n + 116, 51 = 2*h - 0*h + u*n. What are the prime factors of h?
23
Suppose -4*x = 2*q - 4, -5*q - x - 12 = 14. Let t be q/21 + (-46)/(-14). Suppose 28 = k + t*k. List the prime factors of k.
7
Suppose -3*t = -2*t. Let a be -1 + (53 - -2) + t. What are the prime factors of 12/a - (-16)/9?
2
Let z(p) = -4*p**2 + 8*p + 6. Let c(a) be the first derivative of -2*a**3/3 + 2*a**2 + 3*a + 1. Let d(k) = -5*c(k) + 2*z(k). What are the prime factors of d(4)?
13
Suppose -216 = -6*z + 66. What are the prime factors of z?
47
Suppose 20*w = 21*w - 137. List the prime factors of w.
137
Let x be 3/6*-21*-2. Let o = x - 45. Let t = o + 35. What are the prime factors of t?
11
Suppose 289 = 4*y + n, -2*n + 7 = 5*y - 352. List the prime factors of y.
73
Suppose 0 = -10*j + 5*j + 3*h + 135, 81 = 3*j - 3*h. What are the prime factors of j?
3
Let n(q) be the first derivative of -q**4/4 - 3*q**3 - 11*q**2/2 - 12*q + 2. What are the prime factors of n(-8)?
2, 3
Let m(w) = w**2 - 6*w + 27. What are the prime factors of m(11)?
2, 41
Let d(c) = -1 - 4*c**2 - 3 + 0*c**3 + 2*c**3. Let s be d(4). Suppose -s = -5*b - 2*y, 30 = -0*b + b + 4*y. List the prime factors of b.
2, 5
Let b = 0 - -9. Suppose -3*c + 32 = 5*f, c + 1 = -f + b. What are the prime factors of c?
2
Suppose 3*i - 83 - 16 = 0. Let b = i + -18. What are the prime factors of b?
3, 5
Let x(n) = -n**3 + 9*n**2 - 10*n + 4. What are the prime factors of x(7)?
2
Suppose 11*l = 6*l + 75. What are the prime factors of l?
3, 5
Let w = -6 - 74. List the prime factors of ((-8)/20)/(2/w).
2
Let r be 1*(1 + -2) - 4. Let k(s) = s + 7. List the prime factors of k(r).
2
Let x be (-12)/(-8)*32/3. Let a = x - 14. List the prime factors of a.
2
Let m = -8 - -17. Let r = -4 + m. List the prime factors of r.
5
Let w be (-7)/28 - (-11)/(-4). Suppose -4*u - y - 3*y + 12 = 0, 5*y = u - 33. Let m = u + w. What are the prime factors of m?
5
Let z(h) = -h**2 + 5*h - 1. Let g be z(4). Suppose 4 = g*f + 1. List the prime factors of (12/14)/(f/7).
2, 3
Suppose -1 = -3*s + 5*q, -3*s + 3*q + 12 = 3. Suppose s*p - 10*p + 144 = 0. What are the prime factors of p?
2, 3
Let u be 5 + 0 + -2 - -1. Let i(v) = -v**2 + 3*v + 2. Let p be i(u). List the prime factors of (-7)/p + 1/(-2).
3
Suppose 21 = m - 7. What are the prime factors of (-9)/(-4) + (-7)/m?
2
Let i(q) = -q**3 - 9*q**2 + 10*q + 11. List the prime factors of i(-10).
11
Let b be 0 + -1 + 11*-1. Let k = -7 - b. What are the prime factors of k?
5
Let i(z) = -z**2 - 5*z + 6. Let a be i(-6). Suppose -2*n = 